 + 1 - 3. What are the prime factors of o(-4)?
3, 5
Let s be -3*((-4)/(-6))/(-1). Suppose -t + s*t - 3 = 0. Suppose -l - 3*y - t = 0, 3*l - 16 = 2*y - 6*y. List the prime factors of l.
2, 3
Suppose -4*k - 4*n = -100, -4*k + 53 = n - 35. Let q = 38 - k. What are the prime factors of q?
17
Suppose 5 + 11 = 4*z. Suppose 10 - 2 = z*o. List the prime factors of o.
2
Suppose -4*u + 9 = -u, -3*u = -2*l + 3. Let y be 3/l*1*6. What are the prime factors of 1/3 - (-44)/y?
3, 5
Let z be ((-5)/(-10))/(2/20). Suppose -5*y - 3*t + 65 = 0, z*y - 5*t = -0*t + 105. List the prime factors of y.
2
Let b be (2 - 2/(-2))/1. Suppose 3*j = b, -6*j = 2*m - j - 37. List the prime factors of m.
2
Let d = -202 + 285. What are the prime factors of d?
83
Let k(t) = 3*t**2 + t. Let y(z) = -z + 4. Suppose -u + 1 + 4 = 0. Let m be y(u). List the prime factors of k(m).
2
Let b = 17 + 47. List the prime factors of b.
2
Let l(f) = f - 2. Let j be l(5). Suppose 13 = j*z - 11. What are the prime factors of z?
2
What are the prime factors of (-5 + -3)*86/(-8)?
2, 43
Let b be 16/4 + -2 - 9. Let o = b - -28. What are the prime factors of o?
3, 7
Let l = -7 - 7. Let p = 65 + l. What are the prime factors of p?
3, 17
Suppose 0 = 4*b - 390 + 94. What are the prime factors of b?
2, 37
Suppose -6*w + 3*w = 2*o - 85, -5*w = 5*o - 150. Suppose -3*x + w = 2*x. Suppose -71 + 11 = -x*l. What are the prime factors of l?
2, 3
Let b(q) = 4*q + 1. Let d be b(1). Let i(t) = t**3 + 6*t**2 + 3*t - 6. Let c be i(-5). Suppose -k = -x - 4*k, -d*k + c = 2*x. What are the prime factors of x?
2, 3
Suppose c + 1 = -3. Let i be c/(-14) - 24/(-14). What are the prime factors of (-6 - -8)*2/i?
2
Let d(n) = 3*n**2. List the prime factors of d(7).
3, 7
Let s be (1/(-2))/((-1)/(-44)). Let y = -14 - s. List the prime factors of y.
2
Let r be (-1)/(2/(3*-2)). Let d be 0/2 - (r + -3). Suppose 8 = 2*v, -4*i - 5*v + 4*v + 20 = d. List the prime factors of i.
2
Let q be (-21)/(-5) + (-2)/10. Let t be (-265)/25 + q/(-10). What are the prime factors of t/(-1) - (3 + -1)?
3
Let i be (-9 + 0)*(-16)/6. Let w(o) = 4*o - 8. Let p be w(8). Suppose -6*c - 2*b + p = -4*c, -2*c = -4*b - i. List the prime factors of c.
2, 3
Let n = -30 - -30. What are the prime factors of n/(-2) - (3 - 34)?
31
Suppose -2*w - 6 = r, 12 = 2*r - 5*w - 12. Let l be (-1)/r + (-15)/(-2). Suppose -3*y = -l*y + 16. List the prime factors of y.
2
Let n = -13 + 26. List the prime factors of n.
13
Let k(c) = 2 - 7*c**2 - c**3 + 5*c - 2*c**2 + 4*c**2. Suppose -5 = -4*o - 29. List the prime factors of k(o).
2
What are the prime factors of (4 - 1) + (-1952)/(-16)?
5
Let u = -44 + 263. What are the prime factors of u?
3, 73
List the prime factors of ((-40)/(-60))/(2/123).
41
Suppose 1 + 0 = 4*a - 5*b, 5*b = -5. Let i be (-42)/4 + (-2)/(-4). What are the prime factors of ((-4)/(-10))/(a/i)?
2
Suppose 3*b + 25 = 1. Let h = 12 + b. Suppose 5*j - 4*j - h = -w, -31 = -4*j + w. List the prime factors of j.
7
Suppose 0 = -3*g - g + 4. Let o be (2*g)/(4/8). Suppose 0 = o*v + s - 33, -2*v + 4*s + 36 = 3*v. What are the prime factors of v?
2
List the prime factors of 1/2*(-1 + 83).
41
Suppose 15*p - 8*p = 861. What are the prime factors of p?
3, 41
List the prime factors of -1 - (2 + -2 + -38).
37
What are the prime factors of (-5 + 5 - (-10)/1) + 0?
2, 5
Let m(i) = i. Let u(f) = -5*f - 6. Let q(b) = -6*m(b) - u(b). Let n be q(8). List the prime factors of n/7 + 46/14.
3
Let q(l) = -l**3 - 5*l**2 + 4*l - 8. Let x be q(-6). Suppose -x*f = -3*k + 106, 5*f - f - k = -102. Let n = f + 38. List the prime factors of n.
13
Let k = 6 + -10. Let a be (-7)/(-2) + 2/k. Suppose -4*t + 20 = 4*w, a*w - 8 = -4*t + 8. List the prime factors of w.
2
Suppose 4*j - 4*d - d - 266 = 0, -4*j - d = -278. What are the prime factors of j?
3, 23
Suppose -3*d = -15, -3*m - d = -70 - 58. List the prime factors of m.
41
Let q(p) be the first derivative of 2*p**4 + p**3/3 - p - 3. List the prime factors of q(1).
2
Suppose 0 = 3*i - 4*b - 38, 0 = -i + 3*i + 3*b + 3. List the prime factors of -2 + i + -3 + 1.
2
Suppose -86 = -b - b. List the prime factors of b.
43
Let p(g) = 4*g + 6. Let q be p(-3). What are the prime factors of 32*(9/q)/(-3)?
2
Suppose -105 = y - 4*y. What are the prime factors of y?
5, 7
Suppose 3*a = 4*a + 8. List the prime factors of 6 + a + 0 + 5.
3
Let a(f) = f**2 + 4*f - 8. Let y be a(-6). Suppose 32 = 2*d + g - 5*g, -g = d - y. List the prime factors of d.
2
Let v(b) = 8*b - 3. Let c(u) = -u. Let h(a) = 6*c(a) + v(a). Let j be 1*8 + 0 - 2. What are the prime factors of h(j)?
3
Let y = -47 + 7. Let o = 78 + y. List the prime factors of o.
2, 19
Let d = 105 + -103. Let w be (-578)/(-8) + (-1)/4. Suppose -a - 2 = -6, -4*k + w = d*a. What are the prime factors of k?
2
Suppose -3*f + s + 427 = -4*s, -2*f - 4*s + 292 = 0. What are the prime factors of f?
2, 3
Let n be (-10)/15 + 10/(-3). Let i(m) be the first derivative of m**3/3 + m**2 - 5*m + 1. List the prime factors of i(n).
3
Let t be (-6)/(-1 + 3 - 4). List the prime factors of 2*(-38)/(-12)*t.
19
Suppose 3*x - 5*i - 89 = 0, 5*x + 3*i = 3*x + 91. What are the prime factors of x?
2, 19
Let v = 1 + -6. List the prime factors of (-42)/v - 10/25.
2
Let i(d) = d**2 + 4*d + 2. Let p be i(-3). Let x = p - 2. Let o = x + 8. List the prime factors of o.
5
Suppose -16*g + 9*g = -371. List the prime factors of g.
53
Let k = -1 - -11. List the prime factors of k.
2, 5
Let l = -3 - -7. Suppose i - 16 = -3*x, -2*i + 0*x + 3*x = l. Suppose -3*z + 7 = -i*n, z + 33 = 6*z + 4*n. List the prime factors of z.
5
Let v(d) = -21*d - 9. Let u be v(4). Let m = u - -132. List the prime factors of m.
3, 13
Suppose 8*t = 3*t + 5*j + 240, 4*t = 5*j + 190. Suppose 10 + t = 3*c. What are the prime factors of c?
2, 5
Let r(k) be the third derivative of -k**6/120 + k**3 + 4*k**2. Let t = 2 + -2. What are the prime factors of r(t)?
2, 3
Suppose 4*k + r = 109, 3*r - 72 = -3*k - r. Let f = k + -8. What are the prime factors of f?
2, 5
Suppose 12*q - 1364 = 412. What are the prime factors of q?
2, 37
Let b(m) = -m**2 - 16*m - 22. List the prime factors of b(-10).
2, 19
List the prime factors of ((-30)/12)/((-2)/44).
5, 11
Let h(l) = l**2 + 3*l - 4. Let y be h(-4). Let n(i) = i + 4. Let a be n(y). Suppose 0 = 5*b - 5, f + a*b - 26 = -8. What are the prime factors of f?
2, 7
Let u = -195 + 294. List the prime factors of u.
3, 11
Let m(h) = h**3 - h + 4. What are the prime factors of m(3)?
2, 7
Suppose -3*q + 105 = 2*q. List the prime factors of q.
3, 7
Let p(s) = 3*s + 5. Let d = -13 + 17. List the prime factors of p(d).
17
Let n(k) = k**3 - k**2 - 8*k + 15. What are the prime factors of n(6)?
3, 7
Suppose 0 = 5*s - 4*s - 17. Let l = 47 - s. What are the prime factors of l?
2, 3, 5
Let w(o) = -o. Let j = 16 + -11. Suppose 5*s = c - 39, -5*s = -j*c + 12 + 43. List the prime factors of w(s).
7
What are the prime factors of ((-20)/6)/(1*6/(-153))?
5, 17
Suppose 4*d + 60 = 6*d. What are the prime factors of d?
2, 3, 5
Let m(u) = u**3 - 6*u**2 + 3*u - 3. Let k = 17 - 11. List the prime factors of m(k).
3, 5
Let m(t) = -t**3 - t**2 - 5*t - 2. List the prime factors of m(-3).
31
Suppose 27*f - 163 = 26*f. List the prime factors of f.
163
Let c = -2 + 4. Let k(m) = -12*m + 3. Let u be k(-3). Suppose -c*r - r + u = 0. List the prime factors of r.
13
Let g = 435 - 125. List the prime factors of g.
2, 5, 31
Let q = 16 + -11. What are the prime factors of q?
5
Suppose 3*c = -3*s + 7 + 2, 0 = -3*s + 5*c + 9. Suppose -2*t + s = -9. Let m = t - 2. What are the prime factors of m?
2
Let v = 21 - 12. What are the prime factors of 9/6*(-3 + v)?
3
Let y(c) be the second derivative of c**4/24 + 3*c**2/2 + 3*c. Let b(o) be the first derivative of y(o). List the prime factors of b(7).
7
Suppose 3*t + 4*y = 36, -t + 5*y = -6*t + 60. List the prime factors of t.
2, 3
Suppose -631 = -5*f + 5*y + 609, -f - 3*y + 232 = 0. What are the prime factors of f?
2, 61
Let n be (-6)/4 - 3/(-2). Let d be -1 + n - (0 + -1). Suppose h + h - 24 = d. List the prime factors of h.
2, 3
Let p(w) = -13*w. List the prime factors of p(-2).
2, 13
Let k = 12 - -36. What are the prime factors of k?
2, 3
Suppose -6*a = -11*a + 300. List the prime factors of a.
2, 3, 5
Let b(o) = 2*o**2 + 10*o + 8. Let d be 3 + 